{"id":1171,"date":"2025-04-11T19:51:34","date_gmt":"2025-04-11T19:51:34","guid":{"rendered":"https:\/\/construccionyreformasllanos.com\/?page_id=1171"},"modified":"2025-04-11T21:05:24","modified_gmt":"2025-04-11T21:05:24","slug":"politica-de-cookies","status":"publish","type":"page","link":"https:\/\/construccionyreformasllanos.com\/index.php\/politica-de-cookies\/","title":{"rendered":"Pol\u00edtica de Cookies"},"content":{"rendered":"<div class=\"fusion-fullwidth fullwidth-box fusion-builder-row-1 fusion-flex-container nonhundred-percent-fullwidth non-hundred-percent-height-scrolling\" style=\"--awb-border-radius-top-left:0px;--awb-border-radius-top-right:0px;--awb-border-radius-bottom-right:0px;--awb-border-radius-bottom-left:0px;--awb-flex-wrap:wrap;\" ><div class=\"fusion-builder-row fusion-row fusion-flex-align-items-flex-start fusion-flex-content-wrap\" style=\"max-width:1216.8px;margin-left: calc(-4% \/ 2 );margin-right: calc(-4% \/ 2 );\"><div class=\"fusion-layout-column fusion_builder_column fusion-builder-column-0 fusion_builder_column_1_1 1_1 fusion-flex-column\" style=\"--awb-bg-size:cover;--awb-width-large:100%;--awb-margin-top-large:0px;--awb-spacing-right-large:1.92%;--awb-margin-bottom-large:0px;--awb-spacing-left-large:1.92%;--awb-width-medium:100%;--awb-spacing-right-medium:1.92%;--awb-spacing-left-medium:1.92%;--awb-width-small:100%;--awb-spacing-right-small:1.92%;--awb-spacing-left-small:1.92%;\"><div class=\"fusion-column-wrapper fusion-flex-justify-content-flex-start fusion-content-layout-column\"><div class=\"fusion-title title fusion-title-1 fusion-sep-none fusion-title-text fusion-title-size-one\" style=\"--awb-margin-top-small:0px;--awb-margin-right-small:0px;--awb-margin-bottom-small:20px;--awb-margin-left-small:0px;\"><h1 class=\"fusion-title-heading title-heading-left fusion-responsive-typography-calculated\" style=\"margin:0;text-transform:capitalize;--fontSize:60;line-height:var(--awb-typography1-line-height);\">POL\u00cdTICA DE COOKIES<\/h1><\/div><div class=\"fusion-text fusion-text-1\"><p><strong>PRIMERA CAPA POL\u00cdTICA DE COOKIES (BANNER en la WEB)<\/strong><\/p>\n<p><!-- \/wp:post-content --><\/p>\n<p><!-- wp:list  --><\/p>\n<ol class=\"wp-block-list\"><!-- wp:list-item --><\/p>\n<li>En el caso de que el sitio web utilice cookies propias con fines exclusivamente t\u00e9cnicos, es decir, \u00fanicamente para el correcto funcionamiento del sitio web, se incluir\u00e1 en el banner la siguiente leyenda:<br \/>Utilizamos cookies propias con finalidad t\u00e9cnica, no recabamos ni cedemos datos de car\u00e1cter personal de los usuarios. Click AQU\u00cd, para m\u00e1s informaci\u00f3n sobre la Pol\u00edtica de Cookies.<br \/>ACEPTAR COOKIES CONFIGURAR COOKIES RECHAZAR COOKIES<\/li>\n<p><!-- \/wp:list-item --><\/p>\n<p><!-- wp:list-item --><\/p>\n<li>En el caso de que el sitio web utilice cookies propias y de terceros con fines exclusivamente t\u00e9cnicos, es decir, \u00fanicamente para el correcto funcionamiento del sitio web, se incluir\u00e1 en el banner la siguiente leyenda:<br \/>Utilizamos cookies propias y de terceros con finalidad exclusivamente t\u00e9cnica. Clica AQU\u00cd, para m\u00e1s informaci\u00f3n sobre la Pol\u00edtica de Cookies.<br \/>ACEPTAR COOKIES CONFIGURAR COOKIES RECHAZAR COOKIES<\/li>\n<p><!-- \/wp:list-item --><\/p>\n<p><!-- wp:list-item --><\/p>\n<li>En el caso de que el sitio web utilice cookies propias y de terceros con fines t\u00e9cnicos y de personalizaci\u00f3n, se incluir\u00e1 en el banner la siguiente leyenda:<br \/>Utilizamos cookies propias y de terceros con fines t\u00e9cnicos y de personalizaci\u00f3n. Clica AQU\u00cd, para m\u00e1s informaci\u00f3n sobre la Pol\u00edtica de Cookies.<br \/>ACEPTAR COOKIES CONFIGURAR COOKIES RECHAZAR COOKIES<\/li>\n<p><!-- \/wp:list-item --><\/p>\n<p><!-- wp:list-item --><\/p>\n<li>En el caso de que el sitio web utilice cookies propias y de terceros con finalidades t\u00e9cnicas, de personalizaci\u00f3n, anal\u00edticas y de publicidad an\u00f3nima, se incluir\u00e1 la siguiente leyenda:<br \/>Utilizamos cookies propias y de terceros con fines t\u00e9cnicos, de personalizaci\u00f3n, anal\u00edticos y para mostrarte publicidad relacionada con tus preferencias mediante el an\u00e1lisis an\u00f3nimo de los h\u00e1bitos de navegaci\u00f3n. Clica AQU\u00cd para m\u00e1s informaci\u00f3n sobre la Pol\u00edtica de Cookies. Puedes aceptar todas las cookies pulsando el bot\u00f3n \u00abAceptar\u00bb o configurarlas o rechazar su uso pulsando el bot\u00f3n \u00abConfigurar\u00bb.<br \/>ACEPTAR COOKIES CONFIGURAR COOKIES RECHAZAR COOKIES<\/li>\n<p><!-- \/wp:list-item --><\/p>\n<p><!-- wp:list-item --><\/p>\n<li>En el caso de que el sitio web utilice cookies propias y de terceros con finalidades t\u00e9cnicas, de personalizaci\u00f3n, anal\u00edticas y de publicidad personalizada\/comportamental, se incluir\u00e1 la siguiente leyenda:<br \/>Utilizamos cookies propias y de terceros con fines t\u00e9cnicos, de personalizaci\u00f3n, anal\u00edticos y para mostrarte publicidad personalizada a un perfil elaborado a partir de tus h\u00e1bitos de navegaci\u00f3n (por ejemplo, p\u00e1ginas visitadas). Clica AQU\u00cd para m\u00e1s informaci\u00f3n sobre la Pol\u00edtica de Cookies. Puedes aceptar todas las cookies pulsando el bot\u00f3n \u00abAceptar\u00bb o configurarlas o rechazar su uso pulsando el bot\u00f3n \u00abConfigurar\u00bb.<br \/>ACEPTAR COOKIES CONFIGURAR COOKIES RECHAZAR COOKIES<\/li>\n<p><!-- \/wp:list-item --><\/ol>\n<p><!-- \/wp:list --><\/p>\n<p><!-- wp:paragraph --><\/p>\n<p>*CONFIGURAR COOKIES: Para los dos \u00faltimos supuestos especificados anteriormente,<br \/>al hacer clic en configurar cookies, deber\u00e1 aparecer el siguiente despegable. El usuario podr\u00e1 seleccionar las cookies en concreto que quiera permitir.<\/p>\n<p><!-- \/wp:paragraph --><\/p>\n<p><!-- wp:paragraph --><\/p>\n<p><strong>CONFIGURACI\u00d3N DE COOKIES<\/strong><\/p>\n<p><!-- \/wp:paragraph --><\/p>\n<p><!-- wp:list --><\/p>\n<ul class=\"wp-block-list\"><!-- wp:list-item --><\/p>\n<li>Cookies t\u00e9cnicas: ACEPTAR RECHAZAR<\/li>\n<p><!-- \/wp:list-item --><\/p>\n<p><!-- wp:list-item --><\/p>\n<li>Son necesarias para el correcto funcionamiento del sitio web.<\/li>\n<p><!-- \/wp:list-item --><\/p>\n<p><!-- wp:list-item --><\/p>\n<li>Permiten la comunicaci\u00f3n de datos, identificar la sesi\u00f3n, acceder a partes de acceso restringido, completar y enviar un formulario de contacto, etc.<\/li>\n<p><!-- \/wp:list-item --><\/p>\n<p><!-- wp:list-item --><\/p>\n<li>Cookies de personalizaci\u00f3n: ACEPTAR RECHAZAR<\/li>\n<p><!-- \/wp:list-item --><\/p>\n<p><!-- wp:list-item --><\/p>\n<li>Permiten especificar o personalizar algunas caracter\u00edsticas de las opciones generales. Por ejemplo, definir el idioma, configuraci\u00f3n regional o el tipo de navegador.<\/li>\n<p><!-- \/wp:list-item --><\/p>\n<p><!-- wp:list-item --><\/p>\n<li>Cookies anal\u00edticas: ACEPTAR RECHAZAR<\/li>\n<p><!-- \/wp:list-item --><\/p>\n<p><!-- wp:list-item --><\/p>\n<li>Nos permiten conocer mejor las preferencias de los usuarios en nuestro sitio web y as\u00ed realizar mejoras.<\/li>\n<p><!-- \/wp:list-item --><\/p>\n<p><!-- wp:list-item --><\/p>\n<li>Captamos informaci\u00f3n an\u00f3nima sobre el uso de nuestro sitio web.<\/li>\n<p><!-- \/wp:list-item --><\/p>\n<p><!-- wp:list-item --><\/p>\n<li>Cookies publicitarias: ACEPTAR RECHAZAR<\/li>\n<p><!-- \/wp:list-item --><\/p>\n<p><!-- wp:list-item --><\/p>\n<li>Nos permiten mostrarte publicidad que puede ser interesante para ti.<\/li>\n<p><!-- \/wp:list-item --><\/p>\n<p><!-- wp:list-item --><\/p>\n<li>Muestran anuncios dirigidos a ti de forma an\u00f3nima.<\/li>\n<p><!-- \/wp:list-item --><\/p>\n<p><!-- wp:list-item --><\/p>\n<li>Cookies de publicidad comportamental: ACEPTAR RECHAZAR* solo para supuesto 5<\/li>\n<p><!-- \/wp:list-item --><\/p>\n<p><!-- wp:list-item --><\/p>\n<li>Permiten mostrarte publicidad personalizada a un perfil elaborado a partir de tus h\u00e1bitos de navegaci\u00f3n, formando un perfil de tus preferencias como usuario.<\/li>\n<p><!-- \/wp:list-item --><\/ul>\n<p><!-- \/wp:list --><\/p>\n<p><!-- wp:paragraph --><\/p>\n<p><strong>GUARDAR CONFIGURACI\u00d3N<\/strong><\/p>\n<p><!-- \/wp:paragraph --><\/p>\n<p><!-- wp:paragraph --><\/p>\n<p>*Deben implementar un bot\u00f3n de Guardar la configuraci\u00f3n, seg\u00fan lo que haya seleccionada el usuario, para que se quede guardada la selecci\u00f3n realizada. Es decir, en el panel de configuraci\u00f3n debe indicarse o desprenderse claramente c\u00f3mo guardar la selecci\u00f3n realizada por el usuario. A estos efectos, es v\u00e1lido por ejemplo un bot\u00f3n con el texto \"Guardar selecci\u00f3n\", \"Guardar configuraci\u00f3n\" o textos similares.<\/p>\n<p><!-- \/wp:paragraph --><\/p>\n<p><!-- wp:paragraph --><\/p>\n<p>Para facilitar la selecci\u00f3n, en el panel podr\u00e1n implementarse dos botones, uno para seleccionar todas las categor\u00edas de cookies y otro para rechazarlas todas si el usuario las ha seleccionado previamente, siendo esta opci\u00f3n recomendable cuanto mayor sea el n\u00famero distinto de categor\u00edas en las que se hayan clasificado las cookies. Si el usuario guarda su elecci\u00f3n sin haber seleccionado ninguna cookie, equivaldr\u00e1 al rechazo de todas las cookies. Debe recordarse que en ning\u00fan caso son admisibles las opciones premarcadas a favor de aceptar cookies para obtener un consentimiento v\u00e1lido.<\/p>\n<p><!-- \/wp:paragraph --><\/p>\n<p><!-- wp:paragraph --><\/p>\n<p><strong>SEGUNDA CAPA POL\u00cdTICA DE COOKIES<\/strong><\/p>\n<p><!-- \/wp:paragraph --><\/p>\n<p><!-- wp:paragraph --><\/p>\n<p><strong>\u00bfQU\u00c9 ES UNA COOKIE?<\/strong><\/p>\n<p><!-- \/wp:paragraph --><\/p>\n<p><!-- wp:paragraph --><\/p>\n<p>Este sitio web utiliza cookies y\/o tecnolog\u00edas similares que almacenan y recuperan informaci\u00f3n cuando navegas. En general, estas tecnolog\u00edas pueden servir para finalidades muy diversas, como, por ejemplo, reconocerte como usuario, obtener informaci\u00f3n sobre tus h\u00e1bitos de navegaci\u00f3n o personalizas la forma en la que se muestra el contenido. Los usos concretos que hacemos de estas tecnolog\u00edas se describen a continuaci\u00f3n.<\/p>\n<p><!-- \/wp:paragraph --><\/p>\n<p><!-- wp:paragraph --><\/p>\n<p><strong>\u00bfQUI\u00c9N UTILIZA LA INFORMACI\u00d3N DE LAS COOKIES?<\/strong><\/p>\n<p><!-- \/wp:paragraph --><\/p>\n<p><!-- wp:paragraph --><\/p>\n<p><strong>CONSTRUCCI\u00d3N Y REFORMAS LLANOS<br \/>JIMMY LANDER LLANOS ASENCIOS<br \/>CIF: 50340839A<br \/>C\/ Embajadores, 116<br \/>28045 Madrid, Espa\u00f1a<br \/>Tel.: +34 640 131 490<\/strong><\/p>\n<p><!-- \/wp:paragraph --><\/p>\n<p><!-- wp:paragraph --><\/p>\n<p><strong>\u00bfQU\u00c9 TIPOS DE COOKIES EXISTEN?<\/strong><\/p>\n<p><!-- \/wp:paragraph --><\/p>\n<p><!-- wp:paragraph --><\/p>\n<p>Las Cookies pueden clasificarse, en virtud de sus caracter\u00edsticas propias, dentro de diversas categor\u00edas.<\/p>\n<p><!-- \/wp:paragraph --><\/p>\n<p><!-- wp:list  --><\/p>\n<ol class=\"wp-block-list\"><!-- wp:list-item --><\/p>\n<li>Seg\u00fan la entidad que la gestione:<\/li>\n<p><!-- \/wp:list-item --><\/ol>\n<p><!-- \/wp:list --><\/p>\n<p><!-- wp:list --><\/p>\n<ul class=\"wp-block-list\"><!-- wp:list-item --><\/p>\n<li>Cookies propias: Son aquellas que se env\u00edan a tu ordenador y son gestionadas exclusivamente por nosotros para el mejor funcionamiento del Sitio Web.<\/li>\n<p><!-- \/wp:list-item --><\/p>\n<p><!-- wp:list-item --><\/p>\n<li>Cookies de terceros: Son aquellas que se env\u00edan a tu ordenador y no son gestionadas por nosotros sino por una tercera entidad.<\/li>\n<p><!-- \/wp:list-item --><\/ul>\n<p><!-- \/wp:list --><\/p>\n<p><!-- wp:list  --><\/p>\n<ol class=\"wp-block-list\" start=\"2\"><!-- wp:list-item --><\/p>\n<li>Seg\u00fan el plazo de tiempo que permanecen activadas:<\/li>\n<p><!-- \/wp:list-item --><\/ol>\n<p><!-- \/wp:list --><\/p>\n<p><!-- wp:list --><\/p>\n<ul class=\"wp-block-list\"><!-- wp:list-item --><\/p>\n<li>Cookies de sesi\u00f3n: Este tipo de cookies recaban y almacenan datos \u00fanicamente mientras el Usuario accede al Sitio Web.<\/li>\n<p><!-- \/wp:list-item --><\/p>\n<p><!-- wp:list-item --><\/p>\n<li>Cookies persistentes: Mediante este tipo de cookies los datos siguen almacenados y pueden ser accedidos y tratados durante el periodo definido por el responsablede la cookie, y puede ir de unos minutos a varios a\u00f1os.<\/li>\n<p><!-- \/wp:list-item --><\/ul>\n<p><!-- \/wp:list --><\/p>\n<p><!-- wp:list  --><\/p>\n<ol class=\"wp-block-list\" start=\"3\"><!-- wp:list-item --><\/p>\n<li>Seg\u00fan la finalidad:<\/li>\n<p><!-- \/wp:list-item --><\/ol>\n<p><!-- \/wp:list --><\/p>\n<p><!-- wp:paragraph --><\/p>\n<p>Cookies t\u00e9cnicas: Son aquellas que permiten al usuario la navegaci\u00f3n a trav\u00e9s del sitio web, plataforma o aplicaci\u00f3n y la utilizaci\u00f3n de las diferentes opciones o servicios que el mismo ofrece, como por ejemplo, controlar el tr\u00e1fico y la comunicaci\u00f3n de datos, identificar la sesi\u00f3n, acceder a partes de acceso restringido, recordar los elementos que integran un pedido, realizar el proceso de compra de un pedido, realizar la solicitud de inscripci\u00f3n o participaci\u00f3n en un evento, utilizar elementos de seguridad durante la navegaci\u00f3n, almacenar contenidos para la difusi\u00f3n de videos o sonido o compartir contenidos a trav\u00e9s de redes sociales.<!-- \/wp:paragraph --><\/p>\n<p><!-- \/wp:paragraph --><\/p>\n<\/div><\/div><\/div><\/div><\/div>","protected":false},"excerpt":{"rendered":"","protected":false},"author":1,"featured_media":0,"parent":0,"menu_order":0,"comment_status":"closed","ping_status":"open","template":"","meta":{"footnotes":""},"class_list":["post-1171","page","type-page","status-publish","hentry"],"_links":{"self":[{"href":"https:\/\/construccionyreformasllanos.com\/index.php\/wp-json\/wp\/v2\/pages\/1171","targetHints":{"allow":["GET"]}}],"collection":[{"href":"https:\/\/construccionyreformasllanos.com\/index.php\/wp-json\/wp\/v2\/pages"}],"about":[{"href":"https:\/\/construccionyreformasllanos.com\/index.php\/wp-json\/wp\/v2\/types\/page"}],"author":[{"embeddable":true,"href":"https:\/\/construccionyreformasllanos.com\/index.php\/wp-json\/wp\/v2\/users\/1"}],"replies":[{"embeddable":true,"href":"https:\/\/construccionyreformasllanos.com\/index.php\/wp-json\/wp\/v2\/comments?post=1171"}],"version-history":[{"count":2,"href":"https:\/\/construccionyreformasllanos.com\/index.php\/wp-json\/wp\/v2\/pages\/1171\/revisions"}],"predecessor-version":[{"id":1188,"href":"https:\/\/construccionyreformasllanos.com\/index.php\/wp-json\/wp\/v2\/pages\/1171\/revisions\/1188"}],"wp:attachment":[{"href":"https:\/\/construccionyreformasllanos.com\/index.php\/wp-json\/wp\/v2\/media?parent=1171"}],"curies":[{"name":"wp","href":"https:\/\/api.w.org\/{rel}","templated":true}]}}